 are the prime factors of (-420)/q + 2 + 2/l?
5
Let f(l) = -l**2 + 7*l. Let n be f(6). Let p be (n/(-8) + 0)/(10/240). List the prime factors of ((-4)/(-3))/(p/(-1323)).
2, 7
Let x = -16955 - -23967. List the prime factors of x.
2, 1753
Let q(x) = -x**3 + x**2 - x + 1. Let h(p) = 12*p**3 + 2*p**2 - 2*p + 33. Let y(j) = -h(j) - 3*q(j). What are the prime factors of y(-5)?
3, 313
Let h(s) = -3*s - 3. Let p be h(-3). Let y be 678/30 - p/(-15). Suppose 231 = 26*w - y*w. What are the prime factors of w?
7, 11
Let v = 74562 + -19671. What are the prime factors of v?
3, 19, 107
Suppose 0 = -t - 5*m + 2813, 3*t = -m - 3655 + 12136. What are the prime factors of (-5)/(15/2) + t/12?
5, 47
Let h(q) = 8 + 31*q - 7*q + q**3 - 23*q + 7. Suppose 0 = -3*j - 5*s - 25, 0 = 5*j - 3*s + s - 10. List the prime factors of h(j).
3, 5
Let h(r) = 143*r**2 + 85*r + 19. List the prime factors of h(-4).
7, 281
Let k be -2 + (-3896)/(-26) - (-8)/52. Let r be (-2)/(-6)*(-18)/(-3). Suppose u + x = 148, r*u - 3*u + x = -k. What are the prime factors of u?
2, 37
Let n = -324 + 327. Suppose 3396 = n*u + 474. What are the prime factors of u?
2, 487
Let h(g) = -g**2 - 31*g + 40. Suppose -23*a + 37*a + 182 = 0. What are the prime factors of h(a)?
2, 137
Suppose -l - 5*l + 230952 = 6*l. List the prime factors of l.
2, 9623
Let w(x) = 19507*x**2 + 4. List the prime factors of w(1).
109, 179
Suppose 31*f + 32961 = 33*f + q, -7*f = -5*q - 115372. List the prime factors of f.
16481
Let v(d) = -42*d - 13. Let y(k) = 14*k - 7. Let i(r) = 26*r - 13. Let o(j) = -6*i(j) + 11*y(j). Let c(q) = -4*o(q) - v(q). What are the prime factors of c(2)?
109
Let g(p) = -3*p + 9. Let z be g(7). What are the prime factors of -75*z/18 + 6?
2, 7
Let a be ((-3 - 2) + 5)/(-2). Let l(v) = -9*v + 1 + 17*v + 1 + 2*v**2 + a. What are the prime factors of l(8)?
2, 97
Let t(h) = -100*h - 52. Let g(o) be the first derivative of 20*o**2 + 21*o - 5. Let b(y) = 12*g(y) + 5*t(y). What are the prime factors of b(-7)?
2, 3, 11
Suppose 11 = p + 6. Let g be ((p + 0)/(-1))/(-4 - -3). Suppose -2*t + 84 = 5*r - 158, -g*r + 3*t + 237 = 0. List the prime factors of r.
2, 3
Let z be ((-1)/(-3) + -1)*-3. Suppose 33*x + 36*x = 276. Suppose 3*b - 2*n + 41 = x*b, -2*n + 88 = z*b. List the prime factors of b.
47
List the prime factors of 27/((-108)/(-7352))*(7 + -6).
2, 919
Suppose -3*o = 3*q - 6, 2*q - 2*o - 8 = -2*q. Let x(k) = 4*k**2 + q*k + 0 - 5 + k - 2*k**2. List the prime factors of x(-6).
7
Let g(y) = 305*y**3 - 7*y**2 + 23*y - 33. What are the prime factors of g(4)?
3, 7, 103
Let r(n) = -17*n**2 + 3*n + 4. Let f(a) = -a**3 + 3*a**2 - 2*a + 3. Let d be f(3). Let u be r(d). Let k = u + 308. What are the prime factors of k?
2, 3, 5
Suppose 2*d - 4179 = -3*i, -11*d + 7*d - i = -8363. Let b = d + -429. List the prime factors of b.
2, 3, 277
Let i(b) = b**3 + 12*b**2 + 20*b + 5. Let m be i(-10). Suppose 0*p - p - m = 0. List the prime factors of 555/(-25)*-3 - 2/p.
67
Let d(k) = -k**2 - 7*k - 4. Let a be d(-6). Let i(o) = -o**2 - 7*o + 1059. Let r be i(-36). List the prime factors of r - (-3 + (a - 3)).
19
Suppose -53*v = -47*v + 1116. What are the prime factors of (v/(-48) - 4) + (-11042)/(-16)?
2, 3, 5, 23
Let l = -62 - -72. Suppose -l*t + 5*t - 1905 = 0. Let a = -252 - t. What are the prime factors of a?
3, 43
Suppose 0 = -21*a + 5*a + 64. Suppose -5*g + b = -1692, -12*g + 7*g + 1707 = a*b. What are the prime factors of g?
3, 113
Suppose 141*j - 26*j = -48*j + 11528338. What are the prime factors of j?
2, 35363
List the prime factors of ((-20)/(-130) - 4924/(-104))/(3/1716).
2, 5, 11, 13, 19
Let a(w) = -w**3 + 19*w**2 + 8*w + 15. Let i be (-460)/(-25) - (-2)/(-5). List the prime factors of a(i).
3, 7, 23
Let i be (98/3)/(1/(-3)). Let o = i - -98. Suppose o = 5*f - 5*t - 835, -208 - 283 = -3*f + t. List the prime factors of f.
2, 3
Suppose 0 = -5*t + 10*t - 10. Suppose t*i - 5*z - 9 = -0, -3*i + 5*z = -11. Suppose 4*q - 5*o = 45 + 4, -5*o + 17 = i*q. What are the prime factors of q?
11
Suppose -49 + 65 = 8*x. Suppose 0 = -2*m + x + 8, 5*m + 55 = 2*f. List the prime factors of f.
2, 5
Let c be (152/(-12) - -12)*3/(-2). Let i(y) = y**3 - 3*y**2 + 4*y - 3. Let m be i(3). List the prime factors of 94/(-423) - (c + (-713)/m).
2, 3, 13
Let m(j) = -78*j + 103. Let f be m(-6). Let x = 112 + f. What are the prime factors of x?
683
Suppose -4 = 5*j + f, 5*j - 16 = 4*j + 4*f. Suppose -14*r + 2513 + 8099 = j. What are the prime factors of r?
2, 379
Let m(x) = 56*x - 2 - 39*x - 4 - 3. What are the prime factors of m(2)?
5
Let s(o) = -8*o - 12. Suppose 3*h = 0, -81 = -5*u - 5*h + 9. Let c be (-117)/u - 3/2. List the prime factors of s(c).
2, 13
Let k be 7 - (-30)/(-4) - (-566)/4. Suppose -137*v - 3156 = -k*v. List the prime factors of v.
3, 263
Let d(b) = 5219*b + 181. What are the prime factors of d(1)?
2, 3, 5
Let a = -19 + 29. List the prime factors of 57/(-9)*(-19 + a).
3, 19
Suppose 187*g - 75*g = 4901680. List the prime factors of g.
5, 8753
Let n(k) be the third derivative of -k**4/2 + 25*k**3/6 + 2*k**2. Let r(h) = h**2 + 63*h - 72. Let i be r(-64). What are the prime factors of n(i)?
11
Let b be (40386/18 - 5) + 2/(-3). What are the prime factors of (-45)/(-315) - b/(-14)?
2, 5
Suppose -111 = -11*a - 23. Suppose 0 = 12*n - a*n - 1400. List the prime factors of n.
2, 5, 7
Let k(r) = -r**3 + 7*r**2 + 11*r - 6. Let d be k(8). Let t be (-2 - 40/d) + (-36)/(-162). List the prime factors of 155/4 + (-5)/t + -1.
3, 13
List the prime factors of 5 - 49/((-1225)/1539500).
5, 109, 113
Let i be 6 + (0 - 4)/4. Suppose 2*f = -j + 288, -195 = i*f - 5*j - 915. Suppose -3*m + 11*m - f = 0. List the prime factors of m.
2, 3
Let o(n) = -2*n - 4. Let f be o(-4). Suppose 5*k + 1213 = 5*l - 702, f*l - 5*k = 1533. What are the prime factors of l?
2, 191
Suppose -760669 + 176967 = -173*l. List the prime factors of l.
2, 7, 241
Let a(g) = 1674*g**2 + 67*g + 139. What are the prime factors of a(-2)?
6701
What are the prime factors of 36008 + (224/(-35))/4*(-30)/(-12)?
2, 9001
Let z(m) = -99*m - 221. List the prime factors of z(-18).
7, 223
Suppose 10*y + 732 = -118268. What are the prime factors of -1 + -1 + 1 + y/(-25)?
5, 19
Let w be (-2 + 1)*(-1116)/6. Suppose 0*d + a = -d - 113, -d = 4*a + 122. Let y = w + d. List the prime factors of y.
2, 19
Let k be 4290/8 - 2/8. Suppose k*y - 527*y = 2646. What are the prime factors of y?
2, 3, 7
Let r(l) = -81*l**3 - 4*l**2 + 19*l - 18. List the prime factors of r(-8).
2, 3, 6841
Let r(k) = -5*k - 34. Let n be r(-14). Let s = n + -48. What are the prime factors of 1134/24 - (-3)/s?
47
Suppose -18*c + 23*c = 35. Suppose 3*l = -40 + c. Let x = l + 66. List the prime factors of x.
5, 11
Let p = 88 - 83. Suppose 4*h + 0*h = -16, -p*h = 2*u - 98. List the prime factors of u.
59
Let h be (-6 + 10)/8 - ((-105)/(-10))/7. Let s(g) = -g**2 + 1. Let f(r) = -24*r**2 + 5. Let o(w) = -2*f(w) + 10*s(w). List the prime factors of o(h).
2, 19
Suppose -p - 5*r = 11, 0 = -25*r + 30*r + 25. Suppose -p*j + 17*j = 1305. What are the prime factors of j?
3, 5, 29
Let m(g) = -3*g - 11. Let a(j) = j**3 - 9*j**2 - 8*j - 24. Let t be a(10). Let r be m(t). List the prime factors of ((-3544)/(-32))/1 + r/4.
3, 37
Let y(x) = -2*x + 15. Let d be y(6). Suppose 0*g - 4*m = -d*g + 55, -3*g - 3*m + 69 = 0. Let s = 64 - g. List the prime factors of s.
43
What are the prime factors of 1/5 + 34872/(-80)*-52 + 2?
22669
Let h(z) = -z - 1. Let m(w) = w**2 - 7*w - 8. Let s(y) = -2*h(y) + m(y). Let t be s(-3). What are the prime factors of (796/(-10))/(t/(-45))?
199
Let a(c) = -328 + 995 + 7*c - c**2 + 3*c + 14*c. List the prime factors of a(0).
23, 29
Let z = 35624 + -20643. What are the prime factors of z?
71, 211
Let m(c) be the second derivative of 19*c**3/3 - 17*c**2/2 - 27*c. Let x be m(5). Suppose -j + 0*j = -x. List the prime factors of j.
173
Let c = -47 - -319. Suppose o + 3*o - c = 0. List the prime factors of o.
2, 17
List the prime factors of (7/28 - 1)/((-1)/(-7512)*-2).
3, 313
Let d be (84/4)/((-12)/(-8) - 3). Let w(i) = -5*i - 3 + i - 22 - 3*i. What are the prime factors of w(d)?
73
Let c be 8/52 + 618*18/26. Let z = c - 278. List the prime factors of z.
2, 3, 5
Suppose -j + 7994 = -2330. Suppose 13*f - j + 2134 = 0. What are the prime fa